+ -1)/((-4)/34). Suppose 0 = t - 5*n - 4991 - 3017, -2*t + q = 5*n. Is t composite?
True
Let t(g) = -9*g**3 - 53*g**2 + 160*g - 367. Is t(-54) a prime number?
True
Let c be 30/(-75) - 17/(-5). Suppose 0 = c*v - 447 - 780. Let m = v - 27. Is m a composite number?
True
Suppose -152*t - 1223883 = -3*g - 153*t, -g + t + 407953 = 0. Is g a composite number?
False
Let g(q) = q - 25. Let h be g(3). Let v = h - -25. Suppose v*d + k = -1981 + 10689, 3*d = -4*k + 8705. Is d prime?
True
Let b(j) = 2131*j - 676*j + 2 - 665*j - 673*j. Suppose 0 = -f + 1. Is b(f) a prime number?
False
Suppose -11149 = 5*k + 2*w, -1220 - 7713 = 4*k - 3*w. Let r = 7732 + k. Is r a prime number?
True
Let i = 590093 - 321054. Is i composite?
False
Let k = 84 + -21. Let v = -3 + k. Suppose -s + v = -145. Is s composite?
True
Let g(n) = -2*n**3 + 1. Let i be g(-1). Suppose k - 41 = -4*t, -21 = -i*t + 3*k + 6. Suppose -9*x + 89 = -t. Is x prime?
True
Let l = 244 + -245. Is (l + -7)/4 + 11408 + -1 composite?
True
Let r(j) be the second derivative of -43*j**3/6 + 3*j**2 + 6*j. Suppose 4*o + 5*b = -32, -14*o + 5*b - 33 = -13*o. Is r(o) a prime number?
False
Let s(u) = -1 - 37*u - 39*u - 1. Let w be s(-4). Suppose w = -q + 867. Is q a composite number?
True
Let d(b) = b**3 - 11*b**2 + 16*b + 17. Let l(t) = t + 19. Let i be l(-10). Let y be d(i). Is ((-143)/(-52))/(y/(-12)) a prime number?
False
Suppose -253273 + 55648 = -t. Suppose 20*z + 22925 = t. Is z a composite number?
True
Let a = 556 + -505. Suppose 0 = -19*d + a*d - 495904. Is d prime?
True
Suppose -2*i + 17604 = -i - 18987. Is i a composite number?
True
Let j(n) = 5775*n + 268. Is j(7) a prime number?
True
Let l(d) = -7*d**2 + 1 + 1 - 5*d**3 - d**3 + 5*d**3 - 9*d. Is l(-15) composite?
True
Let u(f) = -212*f + 16. Let r be ((-56)/(-4) - 2)*(-4)/3. Let o be u(r). Let z = o - 2399. Is z a prime number?
True
Suppose -3*x - 16 = -4*v + 22, -5*x + 22 = 4*v. Suppose 3*m = -6 + 18, 3*m - v = k. Suppose -3*d = o - 24, 5*o - 136 = o - k*d. Is o composite?
True
Let j(d) = d**2 + 5*d + 10. Let z be j(-4). Let x be (-3)/z*(-7 - 3). Suppose x*m = 234 + 661. Is m composite?
False
Let z = 8529 - 8498. Is z prime?
True
Let p(c) = -6*c**3 - 3*c - 5. Let w(l) = -l**3 - 1 + 1218*l - 1217*l + 1 + l**2. Let b(m) = -p(m) + 4*w(m). Is b(6) composite?
True
Suppose -4*f - 398 + 1194 = 0. Let k = -345 + f. Let q = 1595 - k. Is q a prime number?
True
Let l = 266 - 239. Suppose 10714 = l*b - 5*b. Is b a composite number?
False
Let g(c) = 49*c**2 - 108*c + 663. Is g(-44) a prime number?
True
Let y(t) = 613*t**2 - 335*t + 3. Is y(-14) a prime number?
False
Suppose 0 = -2*v + n + 47489, 11*v = 5*v + 5*n + 142481. Is v composite?
False
Let z(j) = -3813*j - 33. Let l be z(-7). Suppose -7*p + 8461 = -l. Is p composite?
True
Suppose -9*l = -98 - 28. Suppose -l*h + 85610 = -0*h. Is h a prime number?
False
Is (-9)/(-6)*23843*(-6)/(-9) a composite number?
True
Let k = 444 - 1111. Let f = -468 - k. Is f a composite number?
False
Let h(u) = 2806*u + 4009. Is h(79) prime?
True
Let y be ((-4)/(-8))/(6/(-120)). Let m = y - -3. Let r(j) = -30*j + 13. Is r(m) prime?
True
Let a(u) = -56*u**2 + 18*u + 46. Let k be a(-9). Let b = k - -6629. Is b a composite number?
True
Suppose 38*z - 20*z + 200070 = 0. Let c = 17468 + z. Is c a prime number?
True
Let a be (-9)/(-18) - (-3)/12*-2. Let u be -1 - -8 - (8 - 6 - a). Suppose -2*i + 158 = -0*i + g, 5*i - u*g - 395 = 0. Is i composite?
False
Let q(h) = -9*h + 11 - 2*h**3 - 17 + 13*h**2 - 9*h. Let f be q(-13). Is f/18 - (-3)/18 prime?
True
Let p = 44076 + 2357. Is p a composite number?
True
Let w = 633090 - -108691. Is w prime?
True
Let h be (658/(-517))/(1/(-11)). Suppose 4710 - 45632 = -h*j. Is j a prime number?
False
Let k = 20772 - -10697. Is k composite?
False
Suppose -5 = -4*o + 15, -33 = -3*y + 3*o. Suppose -112*h + y = -108*h. Is 1*(-2 + 0)*(-1594)/h a composite number?
False
Let v(n) be the third derivative of -n**6/120 + n**5/15 + n**4/4 + 2*n**3/3 + 14*n**2. Let j be v(5). Suppose -j = 3*z, 156 = x - 3*z - 2620. Is x prime?
True
Let z = 908015 + -355732. Is z a composite number?
False
Let w(y) = y**3 - 3*y**2 + 9*y - 31. Let o be w(4). Suppose -10*m = -o*m + 179311. Is m a composite number?
False
Suppose 3*b - 38926 = -2*l - 0*b, -2*b = -9*l + 175043. Is l a prime number?
False
Let m(n) = n + 7. Let h be m(-7). Suppose h*w + 7*w = 39067. Is w composite?
False
Is -33*(-10)/132*((-2261368)/10)/(-2) a prime number?
True
Let n be 7 - (-2 - -6 - -2). Let l(q) = 14663*q - 28. Is l(n) prime?
False
Let s = 4773 + -3000. Suppose -5*g = -q + 1110 + 778, 0 = 5*q - g - 9512. Suppose -4*h = -q - s. Is h a prime number?
True
Suppose -23 = -3*w + 5*h, -2*w + 5*h + 18 = 3*h. Suppose 13*j - 2 = w*j. Let i(d) = 193*d - 2. Is i(j) a prime number?
True
Suppose -4*t + 2*u = -26, -3*u = -5*t + t + 29. Let b(g) = t*g**2 - 3*g**2 + 5 - 5*g - 2*g**3 - 3*g + 22. Is b(-11) a prime number?
True
Is ((-27)/(1 + 2) + 10)/((-2)/(-387406)) a prime number?
True
Suppose 5*h - j = -8, -5*j - 18 = -3*h + 7*h. Let k(l) = 444*l**2 + l - 1. Let g be k(h). Suppose g = 5*r + 283. Is r a composite number?
True
Suppose -5*g + 5*h = -19250 + 3675, 3*h = 5*g - 15583. Is g prime?
True
Is ((-5332827)/4)/((29/348)/(4/(-36))) a composite number?
False
Let j be (2 + 7/(-3))*-15. Let m(y) = -1 + 104*y**2 - y + 124*y**2 - 209*y**2. Is m(j) a prime number?
False
Let u = -31035 - -56336. Is u prime?
True
Suppose 77*h + 2079280 = 10702433. Is h a composite number?
True
Let q(a) = -a**3 + 10*a**2 + 11*a - 7. Let s be q(11). Let t(r) = -469*r - 120. Is t(s) composite?
False
Let q be 4 - (0 - (3 - 8)). Let p be 14254/14 + 2/14*q. Let g = 1847 - p. Is g prime?
True
Suppose -201*a = -195*a - 492762. Suppose -15*d + a = 2*d. Is d composite?
False
Let n be 24/14*(-6188)/(-8). Suppose 2*y + 10 = 4*h, 15 = 4*y + 4*h - 25. Suppose y*x = 539 + n. Is x prime?
True
Let c be 4/18 + (-667430)/(-45). Suppose 5622 = 6*z - c. Suppose 0*i - z = -3*i - r, -2 = r. Is i composite?
True
Let o(j) = 22324*j - 1057. Is o(12) a composite number?
True
Let u(y) = 6645*y + 1991. Is u(56) a prime number?
True
Let z = 3754 - 2381. Let x = 3800 - z. Is x a composite number?
True
Suppose 4*t - 6 = 18. Suppose x + 0*x = t. Is (5/10)/(x/11196) prime?
False
Is (4 - (13 + 261/(-18)))*173354 a prime number?
False
Let x(q) = -1265*q**3 + 3*q**2 - 79*q - 226. Is x(-3) prime?
False
Suppose -3*b = -w - 1476, 698*w + 484 = b + 695*w. Is b a prime number?
False
Let m(f) = f**3 + 22*f**2 - 91*f + 54. Is m(19) composite?
True
Suppose -2*q + 5*k = -11153, 6*q - 9*q - 3*k + 16782 = 0. Let a = 13538 - q. Is a a prime number?
True
Suppose -22*b - 129390 = -3*b. Is (b/(-4))/3*2 prime?
False
Let q = 93326 - -93111. Is q composite?
False
Let j = -14 - -14. Suppose -2*d + z - 13 = 0, -15 = 5*d - j*z + z. Is (2/6*-4102)/(d/6) a composite number?
True
Let g = -55356 - -307865. Is g composite?
False
Suppose 6*a + 10 = -14. Suppose 0 = -0*x + 2*x - 48. Is (3*(x + 1) - a)*3 composite?
True
Let m(o) = -6*o - 1. Let y be m(-1). Let n = 131 + -131. Suppose 3*w - 710 - 184 = -y*k, -w - 4*k + 305 = n. Is w prime?
True
Let b(o) be the second derivative of 467*o**3/3 + 109*o**2/2 - 79*o. Is b(18) a composite number?
False
Let h = -3009 + 4916. Suppose 4*r - 7*r + 1908 = -3*t, 3*r - h = 2*t. Is r a prime number?
False
Is (-102)/(-1785) + 6049643/35 prime?
False
Suppose 3*c - 17 = -4*n + 6*c, 3*c = n - 11. Suppose -n*l = 7*l - 46719. Is l prime?
False
Let c = -491095 - -697124. Is c a composite number?
True
Let y = -82 - -140. Suppose y*h - 208 = 56*h. Suppose -2*k - h = 5*b - 901, 0 = 2*b + 5*k - 302. Is b composite?
True
Let q be 1*((2 - -3) + -2). Suppose -f - 35390 + 3820 = -2*g, 5*f - 47381 = -q*g. Is g a composite number?
False
Suppose -z - 2795 = 4*q - 552, 5*q - 2*z = -2794. Let s = q + 793. Is s a composite number?
False
Suppose -28*p = -32*p + 60. Let k(a) = a**3 - 14*a**2 - 15*a + 10. Let d be k(p). Is ((-1594)/(-4))/(5/d) a prime number?
True
Suppose 0 = 3*c - 113 - 193. Suppose -c = -5*y - 2*s + 3041, -4*s - 3149 = -5*y. Suppose -4*g = -3*f + y, -4*f - g + 845 = -0*f. Is f composite?
False
Let p(r) = -173*r**3 + 4*r**2 - 5*r - 3. Let n be p(-6). Let w = -11233 + n. Is w/21 - (-1)/3 composite?
True
Suppose -8*m - 4*g = -7*m - 